+ (-9 + 4 - -12))?
-9
-95 + 119 - (-1 - (-2 - -8))
31
What is the value of 3 + ((1 - 2) + 3 - 3)?
2
Calculate -7 + (3 + -10 - (1 + -18)).
3
What is the value of 0 + (14 + -1 + -6 - 9) + -3?
-5
Evaluate 16 - (-5 + 13 + 7).
1
7 + 25 + -66 + 48
14
Evaluate 48 - (4 - (-12 + -73)).
-41
6 - 9 - (-24 - -32)
-11
What is 7 - 35 - (42 + -67)?
-3
Calculate 30 + -42 - (3 - (3 - -2)).
-10
Evaluate -2 + -5 + 1 - ((-26 - -45) + -18).
-7
Evaluate 822 + -867 + -1 + 32.
-14
-15 + (23 - 13 - 3)
-8
(12 + 29 + -14 - -4) + -14
17
What is 5 + 5 + 3 + -24 + -1?
-12
Calculate 23 + (-22 - (6 + -24)).
19
2 - 22 - (6 - (-15 - -30))
-11
8 - (-8 + 4 + 0 - (-12 + 10))
10
What is 23 - (-3 - -14 - -17)?
-5
Calculate (-45 - (-21 - 16)) + -2 + (0 - -16).
6
What is -6 - (1 - (0 - -2) - -16 - 7)?
-14
What is the value of 9 + -25 + (0 - -7)?
-9
What is the value of 7 + (-28 - -6) + -1?
-16
-6 + -2 - (-9 - (9 - 15))
-5
What is the value of 7 - (38 + 2 - (28 - 9))?
-14
What is 232 - 229 - (3 - 14 - 3)?
17
What is -15 + 8 - -13 - 5?
1
What is the value of -4 - 12 - -7 - -16?
7
Calculate 11 + -15 + -13 + 6 + 16.
5
Calculate 8 + (-3 - (6 - -10)) - 7.
-18
What is the value of (-13 - -8) + (10 - (3 - -1)) - -4?
5
What is 11 - ((-13 - -23) + 0) - -1?
2
What is the value of 53 + -50 + (-14 - -19)?
8
What is the value of 13 + -11 + (-19 - -9)?
-8
-4 + (4 - (13 + (-16 - -10)))
-7
Calculate -2 + 0 - -1 - (-59 - -64) - -3.
-3
Calculate (-750 - -755) + (0 + -1 - 9).
-5
Evaluate -18 + (20 - 7) - -5.
0
Evaluate (27 - (0 + -1)) + -124 + 114.
18
Evaluate 3 - (0 + 31 - (-26 - -32)).
-22
Calculate -11 + 19 + -9 + 3 + 19.
21
What is 24 + -26 + 5 + -4?
-1
Evaluate (3 - (-8 - -44)) + (-3 - -10) + -3.
-29
What is 26 + -28 - (-1 + 0 - 10)?
9
Evaluate (-4 - 3) + -2 + 4 + (4 - 0).
-1
What is the value of -11 - (6 - (-16 - -34))?
1
-333 - -333 - (1 - (1 + 1) - 1)
2
Evaluate 24 - (7 + 0 + -3) - (13 + -1).
8
Calculate -533 + 529 + 28 + -1 + (-2 - -2).
23
Evaluate 2 + -27 + (-22 - -28).
-19
What is the value of 23 - (12 + -18 - -15)?
14
13 - -4 - -13 - -13 - 16
27
What is the value of -8 - (-30 + 4) - (-3 + -3 + 8)?
16
Evaluate 15 + -2 - 25 - 0.
-12
Evaluate -16 + (8 - (15 - 16)) + (-14 - 0).
-21
0 - -3 - (-14 + (25 - 16))
8
What is (13 - 1) + 26 + (31 - 65)?
4
Calculate 5 + (-14 + 5 - 8).
-12
Evaluate 3 + (3 - 1) - 10 - -12 - -1.
8
What is (8 - (0 + 0)) + 2?
10
Evaluate -39 - (11 + 1 + -38).
-13
What is the value of 15 + (-15 - (1 + -7))?
6
What is 144 + -71 + -70 - ((-3 - -1) + 8)?
-3
What is the value of -6 - (12 - (7 - -11))?
0
What is -52 + 109 + -63 - ((-1 - -1) + -8)?
2
Evaluate 22 + (-12 - (-2 - 3)) + -8.
7
Evaluate 30 + -4 - (77 + -43).
-8
Evaluate 4 + 3 + -23 + 20 - 15.
-11
What is the value of 3 + (11 - 22 - (5 + -8))?
-5
Evaluate -14 + (-6 - -8 - -5) - -28.
21
What is (-463 - -488) + -46 + 2?
-19
Calculate 2 - (2 - 5) - (-717 - -749).
-27
What is 0 + 0 + 225 + -217 + -22?
-14
Evaluate (4 + 7 + -8 - 1) + -2.
0
Calculate (0 - -6) + (-25 + -1 + 2 - -17).
-1
What is ((1 - -8) + -44 + 38 - 7) + 3?
-1
Evaluate -9 - (-11 + (-7 - 4)).
13
What is the value of -93 - -95 - (-1 + 1)?
2
Evaluate -424 - -422 - (1 + (3 - 14)).
8
What is -19 + (-20 - (-8 - 29)) + (-1 - -1)?
-2
Evaluate 11 - ((0 - 5) + -107 + 104) - -4.
23
Calculate (-3 - 1) + (-51 + -16 - -64).
-7
-1 + 1 + -405 + 413
8
Evaluate 16 + (-8 - -3) + -1 - -3.
13
What is -1 - 7 - (9 - (7 - -6) - -7)?
-11
2 - ((1 - ((5 - 6) + 14)) + 8)
6
Evaluate 1 + (-12 + 9 - -17).
15
Evaluate (-1 - -2) + -9 + (3558 - 3538).
12
-2 - -23 - (15 + -6 - (2 - -1))
15
What is -2 + -3 + -8 + 14?
1
What is the value of -7 + (-3 - (-4 + 5) - -7)?
-4
Evaluate -19 - (-19 - -21) - -14.
-7
1 + -3 - (-87 + 87)
-2
Evaluate -9 + 1 + (44 - (-1 - (3 - 15))).
25
What is (23 - (12 - 15)) + (-1 - 8)?
17
What is the value of 12 + -4 + (-20 - (-7 - -1)) - 3?
-9
Evaluate 2 + -8 - ((-28 - -7) + 10 - 4).
9
What is 1 - 31 - (-465 + 440)?
-5
Calculate -2 - ((8 + -1 - 4) + -4).
-1
What is 1 - -13 - (-34 + 47)?
1
7 + 4 + -6 - (23 + 8 + -14)
-12
Calculate 5 + (-4 - -1 - (-2 + 4) - -7).
7
What is (-18 - -15) + (-2 - (8 - 7)) + 27?
21
Evaluate -6 + -9 + 9 + (-6 - -1).
-11
Evaluate 15 - (10 + -13 + 10).
8
What is 23 + -12 + -9 + 8?
10
What is 7 + 11 + -33 + 14?
-1
What is the value of 3 - 0 - (128 + -120)?
-5
Calculate (6 + 21 - 12 - 28) + 42.
29
Evaluate (-33 - -8) + 33 + 8 + 0.
16
(-54 - -44) + (4 - -9)
3
What is -28 + 0 + (7 - 4) + (-75 - -82)?
-18
0 + -14 - (-5 - 6)
-3
Calculate (-21 - (10 - 4)) + 19 - (-1 - 21).
14
What is 17 - (-41 + 22 + 43)?
-7
11 + 9 + -2 + -8
10
Evaluate 12 - (27 + -3 + -5).
-7
Calculate 31 + (-1 - -5) + -3.
32
What is the value of 6 + -20 + (8 + -6 - -38)?
26
Evaluate 10 + 2 + -7 - (-9 + 30).
-16
What is (0 - 3) + 104 + -101?
0
(2 - -14) + -6 + -16
-6
Calculate (-311 - -302) + (5 - -1).
-3
Calculate 4 - (-3 - -18 - 6).
-5
What is 6 - (2 + -10 - (-6 + -7))?
1
(-47 - -38) + 29 + -4
16
Calculate 4 + ((3 - -3) + -10 - -16).
16
-1 + 14 + -1 - (5 + -1 + -2)
10
What is the value of (-8 - (8 + -12 - 7)) + -18?
-15
What is the value of (10 - 8) + (-20 - -15)?
-3
What is (23 - -1) + (-272 - -232)?
-16
Evaluate (11 - 9) + (1 - 2) - (-12 - -17).
-4
Calculate -11 - (-11 - (6 - 15)) - -6.
-3
Calculate -22 + (-40 - -17 - -21).
-24
(0 - 29) + (-21 + -15 - -39)
-26
Calculate -10 + 13 + (-1 - (3 + -1 + -2)).
2
Calculate 281 - 291 - (-1 - 0 - 11).
2
What is (-3 - (3 - -1)) + -176 + 180?
-3
Evaluate -10 - (0 - 0) - (1107 + -1109) - 6.
-14
-7 + (1 - ((-1 - -8 - 5) + -5))
-3
-7 - (20 - 27 - (0 - 19))
-19
(22 + (-11 - -6) - 4) + 3 + 1
17
Evaluate 11 + 4 + 2 + 4 + -4 + -5.
12
What is -272 + 273 + (0 + -8 - -4)?
-3
What is the value of -8 + 18 + (-6 - 6) + 6?
4
Calculate 6 + -14 + 6 + 13 + 0.
11
What is -3 - 0 - (39 + -39 - (9 - -1))?
7
Evaluate -12 + 22 + -14 + 20 + (8 - 10).
14
What is the value of -3 + -33 + 20 - -32?
16
14 - 28 - (-4 - 11) - (-3 + 13)
-9
What is the value of -9 + (11 + -8 - -4) + (-1 - 1)?
-4
What is the value of (1 - 15) + -9 + -9 + 21?
-11
What is the value of 12 + 11 + (-13 - 15)?
-5
-195 + 201 - (-14 + -2)
22
What is (-3 - -9 - (-2 + 0)) + 2?
10
What is 14 - (1 + -25 - -52)?
-14
Evaluate (6 - 1 - -1) + (-18 - -3).
-9
What is 0 + -17 + 43 + -18 + -30?
-22
What is -10 - ((-4 - (2 + -1) - -3) + 1)?
-9
2 + 2 + (-3 - 2 - 1 - -8)
6
What is the value of (164 - 179) + (2 - -12) + -12?
-13
Calculate 122 - 116 - (2 - 12).
16
-8 + 5 - (-3 - (-1 + 7))
6
Evaluate -70 + 65 + -4 + 5 + 2.
-2
Evaluate (-1 - (48 + -23 - (7 - 0))) + 2.
-17
Evaluate 3 + -26 + (4 - -13) + -3 + -17.
-26
Calculate (47 - 49 - (4 - 4 - 8)) + -29.
-23
What is (-10 - -4) + (-6 - -2) + 3?
-7
What is the value of -15 - ((10 - -1) + -1 - (-1730 + 1738))?
-17
Calculate 0 - (9 - (9 + (-3 - (7 - 4)))).
-6
Calculate (4 + -1 - 0) + (13 - 3 - 12).
1
Calculate -111 + 77 + (1 - -20).
-13
What is the value of (4 - 1 - (76 - 68)) + 4?
-1
What is 20 - (14 - (8 + (9 - -3)))?
26
Evaluate (7 - (-8 + 8)) + (5 - -1) + 7.
20
-4 + (4 - (-2 - -3) - (-10 - -6))
3
What is the value of -20 + (2 + -12 - (-178 - -168))?
-20
25 + (-72 - (-14 - 6))
-27
1 + -1 + (43 - 56) - 5
-18
What is -8 + -3 + (5 - 1) + -15?
-22
What is -38 + -1 - (2 - 27)?
-14
-15 + 25 - -11 - (-1 - -12)
10
Calculate 13 + -10 - (-6 - (-11 + 5)).
3
Calculate (1 - 10) + 22 + -11 + -22.
-20
What is the value of -36 + (-85 + 72 - (-2 - 24))?
-23
Calculate (-14 - 0) + (-68 - (-35 + -60)).
13
Evaluate 9 + -3 - ((9 - 15 - -8) + -6).
10
What is 10 - (-1 + 8) - (1 - -8)?
-6
Calculate 2 - 1 - (13 + -1 + 1).
-12
Evaluate -2 + -18 + 25 + -15.
-10
Evaluate (-9 + 14 - 2) + -18.
-15
What is the value of 9 + (-13 - -1) - (23 - -3)?
-29
Calculate 19 + (9 - 6 - 16 - -20).
26
What is the value of 13 + (-21 - (-34 + 35))?
-9
What is -7 + (10 + 0 - (-15 + 16 + 33))?
-31
(-10 - (5 + 0)) + (4 + 0 - 0)
-11
What is (-3 - -16 - -1) + 1 + 13 + -8?
20
8 - (3 + (9 + -8 - 3) - -9)
-2
Evaluate -30 + (35 - 22) + 35.
18
-6 + (9 - (-8 + 19)) - (1 + -8)
-1
What is -14 + (13 - (14 - 8 - -9))?
-16
-2 + (-7 - -17) + -2
6
Evaluate -6 - 7 - (-9 + -25 + 10).
11
-11 + 1 + -1 + (503 - 504)
-12
Calculate (-11 - (-2 + 0)) + (24 - 3).
12
What is 3 + 8 + (-2 - (-1 - -8))?
2
Calculate (-5 - ((-9 - -14) + -13)) + -4.
-1
Calculate 17 + -13 + (-1 - -2).
5
What is the value of 1 + -1 + -7 + 6 + -4 - 3?
-8
Calculate -1 + -7 